{"id":92511,"date":"2026-03-02T10:47:26","date_gmt":"2026-03-02T09:47:26","guid":{"rendered":"https:\/\/gronau-inside.de\/?post_type=tribe_events&#038;p=92511"},"modified":"2026-03-27T08:34:58","modified_gmt":"2026-03-27T07:34:58","slug":"gemeinsam-stricken-fuer-den-socken-weltrekord","status":"publish","type":"tribe_events","link":"https:\/\/gronau-inside.de\/en\/veranstaltung\/gemeinsam-stricken-fuer-den-socken-weltrekord","title":{"rendered":"Gemeinsam stricken f\u00fcr den Socken Weltrekord"},"content":{"rendered":"<p>Jedes Paar z\u00e4hlt &#8211; wir sind dabei!<\/p>\n<p>Die Socken werden nach dem Event an die Obdachlosenhilfe \u00fcbergeben.<br \/>\nN\u00e4here Infos findet ihr unter Socken-Weltrekord bei Google.<\/p>\n<p>Und das ist die Vision von Katrin Bl\u00e4sing:<\/p>\n<ul>\n<li>regelm\u00e4\u00dfiges gemeinsames Stricken und Austauschen<\/li>\n<li>du kannst eigenes Material mitbringen<\/li>\n<li>ein kleiner Vorrat an Wolle ist vorhanden<\/li>\n<li>wenn du keine Socken stricken kannst, dann zeigen wir es dir<\/li>\n<\/ul>\n<p>Du hast noch Sockenwolle zu Hause im Schrank liegen &#8211; Wollspenden sind immer willkommen!<\/p>\n<p>Es gibt eine kleine Spielecke f\u00fcr die Kleinen!<\/p>\n<p>Mit Kaffee und frisch gebackenen Waffeln wird es ein entspannter Nachmittag:<\/p>\n<p>Kaffee 1\u20ac<br \/>\nje Waffel 1\u20ac<\/p>\n<p>Anmeldungen \u00fcber Tel. 0175 9255430 (Katrin Bl\u00e4sing)<\/p>\n<p>Die Teilnahme ist kostenlos.<\/p>\n","protected":false},"excerpt":{"rendered":"<p>Jedes Paar z\u00e4hlt &#8211; wir sind dabei! Die Socken werden nach dem Event an die Obdachlosenhilfe \u00fcbergeben. N\u00e4here Infos findet ihr unter Socken-Weltrekord bei Google. Und das ist die Vision [&hellip;]<\/p>\n","protected":false},"author":7,"featured_media":93151,"template":"","meta":{"_acf_changed":false,"_price":"","_stock":"","_tribe_ticket_header":"","_tribe_default_ticket_provider":"","_tribe_ticket_capacity":"0","_ticket_start_date":"","_ticket_end_date":"","_tribe_ticket_show_description":"","_tribe_ticket_show_not_going":false,"_tribe_ticket_use_global_stock":"","_tribe_ticket_global_stock_level":"","_global_stock_mode":"","_global_stock_cap":"","_tribe_rsvp_for_event":"","_tribe_ticket_going_count":"","_tribe_ticket_not_going_count":"","_tribe_tickets_list":"[]","_tribe_ticket_has_attendee_info_fields":false,"_tribe_events_status":"","_tribe_events_status_reason":"","_tribe_events_is_hybrid":"","_tribe_events_is_virtual":"","_tribe_events_virtual_video_source":"","_tribe_events_virtual_embed_video":"","_tribe_events_virtual_linked_button_text":"","_tribe_events_virtual_linked_button":"","_tribe_events_virtual_show_embed_at":"","_tribe_events_virtual_show_embed_to":[],"_tribe_events_virtual_show_on_event":"","_tribe_events_virtual_show_on_views":"","_tribe_events_virtual_url":"","footnotes":"","_tec_slr_enabled":"","_tec_slr_layout":""},"tags":[],"tribe_events_cat":[334],"class_list":["post-92511","tribe_events","type-tribe_events","status-publish","has-post-thumbnail","hentry","tribe_events_cat-soziales","cat_soziales"],"acf":[],"yoast_head":"<!-- This site is optimized with the Yoast SEO plugin v27.5 - https:\/\/yoast.com\/product\/yoast-seo-wordpress\/ -->\n<title>Gemeinsam stricken f\u00fcr den Socken Weltrekord - Gronau Inside<\/title>\n<meta name=\"robots\" content=\"index, follow, max-snippet:-1, max-image-preview:large, max-video-preview:-1\" \/>\n<link rel=\"canonical\" href=\"https:\/\/gronau-inside.de\/en\/veranstaltung\/gemeinsam-stricken-fuer-den-socken-weltrekord\" \/>\n<meta property=\"og:locale\" content=\"en_US\" \/>\n<meta property=\"og:type\" content=\"article\" \/>\n<meta property=\"og:title\" content=\"Gemeinsam stricken f\u00fcr den Socken Weltrekord - Gronau Inside\" \/>\n<meta property=\"og:description\" content=\"Jedes Paar z\u00e4hlt &#8211; wir sind dabei! Die Socken werden nach dem Event an die Obdachlosenhilfe \u00fcbergeben. N\u00e4here Infos findet ihr unter Socken-Weltrekord bei Google. Und das ist die Vision [&hellip;]\" \/>\n<meta property=\"og:url\" content=\"https:\/\/gronau-inside.de\/en\/veranstaltung\/gemeinsam-stricken-fuer-den-socken-weltrekord\" \/>\n<meta property=\"og:site_name\" content=\"Gronau Inside\" \/>\n<meta property=\"article:modified_time\" content=\"2026-03-27T07:34:58+00:00\" \/>\n<meta property=\"og:image\" content=\"https:\/\/gronau-inside.de\/wp-content\/uploads\/2026\/03\/24641.jpg\" \/>\n\t<meta property=\"og:image:width\" content=\"1080\" \/>\n\t<meta property=\"og:image:height\" content=\"1350\" \/>\n\t<meta property=\"og:image:type\" content=\"image\/jpeg\" \/>\n<meta name=\"twitter:card\" content=\"summary_large_image\" \/>\n<meta name=\"twitter:label1\" content=\"Est. reading time\" \/>\n\t<meta name=\"twitter:data1\" content=\"1 minute\" \/>\n<script type=\"application\/ld+json\" class=\"yoast-schema-graph\">{\"@context\":\"https:\\\/\\\/schema.org\",\"@graph\":[{\"@type\":\"WebPage\",\"@id\":\"https:\\\/\\\/gronau-inside.de\\\/en\\\/veranstaltung\\\/gemeinsam-stricken-fuer-den-socken-weltrekord\",\"url\":\"https:\\\/\\\/gronau-inside.de\\\/en\\\/veranstaltung\\\/gemeinsam-stricken-fuer-den-socken-weltrekord\",\"name\":\"Gemeinsam stricken f\u00fcr den Socken Weltrekord - Gronau Inside\",\"isPartOf\":{\"@id\":\"https:\\\/\\\/gronau-inside.de\\\/en#website\"},\"primaryImageOfPage\":{\"@id\":\"https:\\\/\\\/gronau-inside.de\\\/en\\\/veranstaltung\\\/gemeinsam-stricken-fuer-den-socken-weltrekord#primaryimage\"},\"image\":{\"@id\":\"https:\\\/\\\/gronau-inside.de\\\/en\\\/veranstaltung\\\/gemeinsam-stricken-fuer-den-socken-weltrekord#primaryimage\"},\"thumbnailUrl\":\"https:\\\/\\\/gronau-inside.de\\\/wp-content\\\/uploads\\\/2026\\\/03\\\/24641.jpg\",\"datePublished\":\"2026-03-02T09:47:26+00:00\",\"dateModified\":\"2026-03-27T07:34:58+00:00\",\"breadcrumb\":{\"@id\":\"https:\\\/\\\/gronau-inside.de\\\/en\\\/veranstaltung\\\/gemeinsam-stricken-fuer-den-socken-weltrekord#breadcrumb\"},\"inLanguage\":\"en-US\",\"potentialAction\":[{\"@type\":\"ReadAction\",\"target\":[\"https:\\\/\\\/gronau-inside.de\\\/en\\\/veranstaltung\\\/gemeinsam-stricken-fuer-den-socken-weltrekord\"]}]},{\"@type\":\"ImageObject\",\"inLanguage\":\"en-US\",\"@id\":\"https:\\\/\\\/gronau-inside.de\\\/en\\\/veranstaltung\\\/gemeinsam-stricken-fuer-den-socken-weltrekord#primaryimage\",\"url\":\"https:\\\/\\\/gronau-inside.de\\\/wp-content\\\/uploads\\\/2026\\\/03\\\/24641.jpg\",\"contentUrl\":\"https:\\\/\\\/gronau-inside.de\\\/wp-content\\\/uploads\\\/2026\\\/03\\\/24641.jpg\",\"width\":1080,\"height\":1350},{\"@type\":\"BreadcrumbList\",\"@id\":\"https:\\\/\\\/gronau-inside.de\\\/en\\\/veranstaltung\\\/gemeinsam-stricken-fuer-den-socken-weltrekord#breadcrumb\",\"itemListElement\":[{\"@type\":\"ListItem\",\"position\":1,\"name\":\"Startseite\",\"item\":\"https:\\\/\\\/gronau-inside.de\\\/en\\\/home-page\"},{\"@type\":\"ListItem\",\"position\":2,\"name\":\"Events\",\"item\":\"https:\\\/\\\/gronau-inside.de\\\/en\\\/veranstaltungen\\\/\"},{\"@type\":\"ListItem\",\"position\":3,\"name\":\"Gemeinsam stricken f\u00fcr den Socken Weltrekord\"}]},{\"@type\":\"WebSite\",\"@id\":\"https:\\\/\\\/gronau-inside.de\\\/en#website\",\"url\":\"https:\\\/\\\/gronau-inside.de\\\/en\",\"name\":\"Gronau Inside\",\"description\":\"Musikstadt im Gr\u00fcnen\",\"publisher\":{\"@id\":\"https:\\\/\\\/gronau-inside.de\\\/en#organization\"},\"potentialAction\":[{\"@type\":\"SearchAction\",\"target\":{\"@type\":\"EntryPoint\",\"urlTemplate\":\"https:\\\/\\\/gronau-inside.de\\\/en?s={search_term_string}\"},\"query-input\":{\"@type\":\"PropertyValueSpecification\",\"valueRequired\":true,\"valueName\":\"search_term_string\"}}],\"inLanguage\":\"en-US\"},{\"@type\":\"Organization\",\"@id\":\"https:\\\/\\\/gronau-inside.de\\\/en#organization\",\"name\":\"Gronau Inside\",\"url\":\"https:\\\/\\\/gronau-inside.de\\\/en\",\"logo\":{\"@type\":\"ImageObject\",\"inLanguage\":\"en-US\",\"@id\":\"https:\\\/\\\/gronau-inside.de\\\/en#\\\/schema\\\/logo\\\/image\\\/\",\"url\":\"https:\\\/\\\/gronau-inside.de\\\/wp-content\\\/uploads\\\/2020\\\/10\\\/01_gronau-logo_weissaufweiss_Schriftzug-1.png\",\"contentUrl\":\"https:\\\/\\\/gronau-inside.de\\\/wp-content\\\/uploads\\\/2020\\\/10\\\/01_gronau-logo_weissaufweiss_Schriftzug-1.png\",\"width\":254,\"height\":246,\"caption\":\"Gronau Inside\"},\"image\":{\"@id\":\"https:\\\/\\\/gronau-inside.de\\\/en#\\\/schema\\\/logo\\\/image\\\/\"}}]}<\/script>\n<!-- \/ Yoast SEO plugin. -->","yoast_head_json":{"title":"Gemeinsam stricken f\u00fcr den Socken Weltrekord - Gronau Inside","robots":{"index":"index","follow":"follow","max-snippet":"max-snippet:-1","max-image-preview":"max-image-preview:large","max-video-preview":"max-video-preview:-1"},"canonical":"https:\/\/gronau-inside.de\/en\/veranstaltung\/gemeinsam-stricken-fuer-den-socken-weltrekord","og_locale":"en_US","og_type":"article","og_title":"Gemeinsam stricken f\u00fcr den Socken Weltrekord - Gronau Inside","og_description":"Jedes Paar z\u00e4hlt &#8211; wir sind dabei! Die Socken werden nach dem Event an die Obdachlosenhilfe \u00fcbergeben. N\u00e4here Infos findet ihr unter Socken-Weltrekord bei Google. Und das ist die Vision [&hellip;]","og_url":"https:\/\/gronau-inside.de\/en\/veranstaltung\/gemeinsam-stricken-fuer-den-socken-weltrekord","og_site_name":"Gronau Inside","article_modified_time":"2026-03-27T07:34:58+00:00","og_image":[{"width":1080,"height":1350,"url":"https:\/\/gronau-inside.de\/wp-content\/uploads\/2026\/03\/24641.jpg","type":"image\/jpeg"}],"twitter_card":"summary_large_image","twitter_misc":{"Est. reading time":"1 minute"},"schema":{"@context":"https:\/\/schema.org","@graph":[{"@type":"WebPage","@id":"https:\/\/gronau-inside.de\/en\/veranstaltung\/gemeinsam-stricken-fuer-den-socken-weltrekord","url":"https:\/\/gronau-inside.de\/en\/veranstaltung\/gemeinsam-stricken-fuer-den-socken-weltrekord","name":"Gemeinsam stricken f\u00fcr den Socken Weltrekord - Gronau Inside","isPartOf":{"@id":"https:\/\/gronau-inside.de\/en#website"},"primaryImageOfPage":{"@id":"https:\/\/gronau-inside.de\/en\/veranstaltung\/gemeinsam-stricken-fuer-den-socken-weltrekord#primaryimage"},"image":{"@id":"https:\/\/gronau-inside.de\/en\/veranstaltung\/gemeinsam-stricken-fuer-den-socken-weltrekord#primaryimage"},"thumbnailUrl":"https:\/\/gronau-inside.de\/wp-content\/uploads\/2026\/03\/24641.jpg","datePublished":"2026-03-02T09:47:26+00:00","dateModified":"2026-03-27T07:34:58+00:00","breadcrumb":{"@id":"https:\/\/gronau-inside.de\/en\/veranstaltung\/gemeinsam-stricken-fuer-den-socken-weltrekord#breadcrumb"},"inLanguage":"en-US","potentialAction":[{"@type":"ReadAction","target":["https:\/\/gronau-inside.de\/en\/veranstaltung\/gemeinsam-stricken-fuer-den-socken-weltrekord"]}]},{"@type":"ImageObject","inLanguage":"en-US","@id":"https:\/\/gronau-inside.de\/en\/veranstaltung\/gemeinsam-stricken-fuer-den-socken-weltrekord#primaryimage","url":"https:\/\/gronau-inside.de\/wp-content\/uploads\/2026\/03\/24641.jpg","contentUrl":"https:\/\/gronau-inside.de\/wp-content\/uploads\/2026\/03\/24641.jpg","width":1080,"height":1350},{"@type":"BreadcrumbList","@id":"https:\/\/gronau-inside.de\/en\/veranstaltung\/gemeinsam-stricken-fuer-den-socken-weltrekord#breadcrumb","itemListElement":[{"@type":"ListItem","position":1,"name":"Startseite","item":"https:\/\/gronau-inside.de\/en\/home-page"},{"@type":"ListItem","position":2,"name":"Events","item":"https:\/\/gronau-inside.de\/en\/veranstaltungen\/"},{"@type":"ListItem","position":3,"name":"Gemeinsam stricken f\u00fcr den Socken Weltrekord"}]},{"@type":"WebSite","@id":"https:\/\/gronau-inside.de\/en#website","url":"https:\/\/gronau-inside.de\/en","name":"Gronau Inside","description":"Musikstadt im Gr\u00fcnen","publisher":{"@id":"https:\/\/gronau-inside.de\/en#organization"},"potentialAction":[{"@type":"SearchAction","target":{"@type":"EntryPoint","urlTemplate":"https:\/\/gronau-inside.de\/en?s={search_term_string}"},"query-input":{"@type":"PropertyValueSpecification","valueRequired":true,"valueName":"search_term_string"}}],"inLanguage":"en-US"},{"@type":"Organization","@id":"https:\/\/gronau-inside.de\/en#organization","name":"Gronau Inside","url":"https:\/\/gronau-inside.de\/en","logo":{"@type":"ImageObject","inLanguage":"en-US","@id":"https:\/\/gronau-inside.de\/en#\/schema\/logo\/image\/","url":"https:\/\/gronau-inside.de\/wp-content\/uploads\/2020\/10\/01_gronau-logo_weissaufweiss_Schriftzug-1.png","contentUrl":"https:\/\/gronau-inside.de\/wp-content\/uploads\/2020\/10\/01_gronau-logo_weissaufweiss_Schriftzug-1.png","width":254,"height":246,"caption":"Gronau Inside"},"image":{"@id":"https:\/\/gronau-inside.de\/en#\/schema\/logo\/image\/"}}]}},"ticketed":false,"_links":{"self":[{"href":"https:\/\/gronau-inside.de\/en\/wp-json\/wp\/v2\/tribe_events\/92511","targetHints":{"allow":["GET"]}}],"collection":[{"href":"https:\/\/gronau-inside.de\/en\/wp-json\/wp\/v2\/tribe_events"}],"about":[{"href":"https:\/\/gronau-inside.de\/en\/wp-json\/wp\/v2\/types\/tribe_events"}],"author":[{"embeddable":true,"href":"https:\/\/gronau-inside.de\/en\/wp-json\/wp\/v2\/users\/7"}],"version-history":[{"count":0,"href":"https:\/\/gronau-inside.de\/en\/wp-json\/wp\/v2\/tribe_events\/92511\/revisions"}],"wp:featuredmedia":[{"embeddable":true,"href":"https:\/\/gronau-inside.de\/en\/wp-json\/wp\/v2\/media\/93151"}],"wp:attachment":[{"href":"https:\/\/gronau-inside.de\/en\/wp-json\/wp\/v2\/media?parent=92511"}],"wp:term":[{"taxonomy":"post_tag","embeddable":true,"href":"https:\/\/gronau-inside.de\/en\/wp-json\/wp\/v2\/tags?post=92511"},{"taxonomy":"tribe_events_cat","embeddable":true,"href":"https:\/\/gronau-inside.de\/en\/wp-json\/wp\/v2\/tribe_events_cat?post=92511"}],"curies":[{"name":"wp","href":"https:\/\/api.w.org\/{rel}","templated":true}]}}

Gemeinsam stricken für den Socken Weltrekord

<p>Jedes Paar zählt &#8211; wir sind dabei!</p>
<p>Die Socken werden nach dem Event an die Obdachlosenhilfe übergeben.<br />
Nähere Infos findet ihr unter Socken-Weltrekord bei Google.</p>
<p>Und das ist die Vision von Katrin Bläsing:</p>
<ul>
<li>regelmäßiges gemeinsames Stricken und Austauschen</li>
<li>du kannst eigenes Material mitbringen</li>
<li>ein kleiner Vorrat an Wolle ist vorhanden</li>
<li>wenn du keine Socken stricken kannst, dann zeigen wir es dir</li>
</ul>
<p>Du hast noch Sockenwolle zu Hause im Schrank liegen &#8211; Wollspenden sind immer willkommen!</p>
<p>Es gibt eine kleine Spielecke für die Kleinen!</p>
<p>Mit Kaffee und frisch gebackenen Waffeln wird es ein entspannter Nachmittag:</p>
<p>Kaffee 1€<br />
je Waffel 1€</p>
<p>Anmeldungen über Tel. 0175 9255430 (Katrin Bläsing)</p>
<p>Die Teilnahme ist kostenlos.</p>

<p>Jedes Paar zählt &#8211; wir sind dabei! Die Socken werden nach dem Event an die Obdachlosenhilfe übergeben. Nähere Infos findet ihr unter Socken-Weltrekord bei Google. Und das ist die Vision [&hellip;]</p>

<!-- This site is optimized with the Yoast SEO plugin v27.5 - https://yoast.com/product/yoast-seo-wordpress/ -->
<title>Gemeinsam stricken für den Socken Weltrekord - Gronau Inside</title>
<meta name="robots" content="index, follow, max-snippet:-1, max-image-preview:large, max-video-preview:-1" />
<link rel="canonical" href="https://gronau-inside.de/en/veranstaltung/gemeinsam-stricken-fuer-den-socken-weltrekord" />
<meta property="og:locale" content="en_US" />
<meta property="og:type" content="article" />
<meta property="og:title" content="Gemeinsam stricken für den Socken Weltrekord - Gronau Inside" />
<meta property="og:description" content="Jedes Paar zählt &#8211; wir sind dabei! Die Socken werden nach dem Event an die Obdachlosenhilfe übergeben. Nähere Infos findet ihr unter Socken-Weltrekord bei Google. Und das ist die Vision [&hellip;]" />
<meta property="og:url" content="https://gronau-inside.de/en/veranstaltung/gemeinsam-stricken-fuer-den-socken-weltrekord" />
<meta property="og:site_name" content="Gronau Inside" />
<meta property="article:modified_time" content="2026-03-27T07:34:58+00:00" />
<meta property="og:image" content="https://gronau-inside.de/wp-content/uploads/2026/03/24641.jpg" />
	<meta property="og:image:width" content="1080" />
	<meta property="og:image:height" content="1350" />
	<meta property="og:image:type" content="image/jpeg" />
<meta name="twitter:card" content="summary_large_image" />
<meta name="twitter:label1" content="Est. reading time" />
	<meta name="twitter:data1" content="1 minute" />
<script type="application/ld+json" class="yoast-schema-graph">{"@context":"https:\/\/schema.org","@graph":[{"@type":"WebPage","@id":"https:\/\/gronau-inside.de\/en\/veranstaltung\/gemeinsam-stricken-fuer-den-socken-weltrekord","url":"https:\/\/gronau-inside.de\/en\/veranstaltung\/gemeinsam-stricken-fuer-den-socken-weltrekord","name":"Gemeinsam stricken für den Socken Weltrekord - Gronau Inside","isPartOf":{"@id":"https:\/\/gronau-inside.de\/en#website"},"primaryImageOfPage":{"@id":"https:\/\/gronau-inside.de\/en\/veranstaltung\/gemeinsam-stricken-fuer-den-socken-weltrekord#primaryimage"},"image":{"@id":"https:\/\/gronau-inside.de\/en\/veranstaltung\/gemeinsam-stricken-fuer-den-socken-weltrekord#primaryimage"},"thumbnailUrl":"https:\/\/gronau-inside.de\/wp-content\/uploads\/2026\/03\/24641.jpg","datePublished":"2026-03-02T09:47:26+00:00","dateModified":"2026-03-27T07:34:58+00:00","breadcrumb":{"@id":"https:\/\/gronau-inside.de\/en\/veranstaltung\/gemeinsam-stricken-fuer-den-socken-weltrekord#breadcrumb"},"inLanguage":"en-US","potentialAction":[{"@type":"ReadAction","target":["https:\/\/gronau-inside.de\/en\/veranstaltung\/gemeinsam-stricken-fuer-den-socken-weltrekord"]}]},{"@type":"ImageObject","inLanguage":"en-US","@id":"https:\/\/gronau-inside.de\/en\/veranstaltung\/gemeinsam-stricken-fuer-den-socken-weltrekord#primaryimage","url":"https:\/\/gronau-inside.de\/wp-content\/uploads\/2026\/03\/24641.jpg","contentUrl":"https:\/\/gronau-inside.de\/wp-content\/uploads\/2026\/03\/24641.jpg","width":1080,"height":1350},{"@type":"BreadcrumbList","@id":"https:\/\/gronau-inside.de\/en\/veranstaltung\/gemeinsam-stricken-fuer-den-socken-weltrekord#breadcrumb","itemListElement":[{"@type":"ListItem","position":1,"name":"Startseite","item":"https:\/\/gronau-inside.de\/en\/home-page"},{"@type":"ListItem","position":2,"name":"Events","item":"https:\/\/gronau-inside.de\/en\/veranstaltungen\/"},{"@type":"ListItem","position":3,"name":"Gemeinsam stricken für den Socken Weltrekord"}]},{"@type":"WebSite","@id":"https:\/\/gronau-inside.de\/en#website","url":"https:\/\/gronau-inside.de\/en","name":"Gronau Inside","description":"Musikstadt im Grünen","publisher":{"@id":"https:\/\/gronau-inside.de\/en#organization"},"potentialAction":[{"@type":"SearchAction","target":{"@type":"EntryPoint","urlTemplate":"https:\/\/gronau-inside.de\/en?s={search_term_string}"},"query-input":{"@type":"PropertyValueSpecification","valueRequired":true,"valueName":"search_term_string"}}],"inLanguage":"en-US"},{"@type":"Organization","@id":"https:\/\/gronau-inside.de\/en#organization","name":"Gronau Inside","url":"https:\/\/gronau-inside.de\/en","logo":{"@type":"ImageObject","inLanguage":"en-US","@id":"https:\/\/gronau-inside.de\/en#\/schema\/logo\/image\/","url":"https:\/\/gronau-inside.de\/wp-content\/uploads\/2020\/10\/01_gronau-logo_weissaufweiss_Schriftzug-1.png","contentUrl":"https:\/\/gronau-inside.de\/wp-content\/uploads\/2020\/10\/01_gronau-logo_weissaufweiss_Schriftzug-1.png","width":254,"height":246,"caption":"Gronau Inside"},"image":{"@id":"https:\/\/gronau-inside.de\/en#\/schema\/logo\/image\/"}}]}</script>
<!-- / Yoast SEO plugin. -->

Gemeinsam stricken für den Socken Weltrekord - Gronau Inside

Jedes Paar zählt &#8211; wir sind dabei! Die Socken werden nach dem Event an die Obdachlosenhilfe übergeben. Nähere Infos findet ihr unter Socken-Weltrekord bei Google. Und das ist die Vision [&hellip;]

Musikstadt im Grünen
