{"id":81985,"date":"2025-07-09T08:56:01","date_gmt":"2025-07-09T06:56:01","guid":{"rendered":"https:\/\/gronau-inside.de\/veranstaltung\/pianoconcert-met-solist-roman-fediurko"},"modified":"2025-07-09T08:56:01","modified_gmt":"2025-07-09T06:56:01","slug":"pianoconcert-met-solist-roman-fediurko","status":"publish","type":"tribe_events","link":"https:\/\/gronau-inside.de\/nl\/veranstaltung\/pianoconcert-met-solist-roman-fediurko","title":{"rendered":"Pianoconcert met solist Roman Fediurko"},"content":{"rendered":"<p>De jonge bekroonde pianist Roman Fediurko presenteert tijdens zijn concert klassieke muziek van Beethoven tot Rachmaninov en Scriabin. Fediurko komt uit Oekra\u00efne en onderbreekt zijn tournee door Nederland voor een omweg naar Georg&#8217;s Gallery. Hij studeert aan de Universiteit voor Muziek en Uitvoerende Kunsten in Graz en heeft al verschillende internationale muziekconcoursen gewonnen. Een mijlpaal in zijn carri\u00e8re was het winnen van de gouden medaille en vijf speciale prijzen op de prestigieuze Vladimir Horowitz International Piano Competition in Genz op 18-jarige leeftijd.   <\/p>\n<p>Ticketprijs in de voorverkoop: 15,00 euro, 20 euro aan de kassa<\/p>\n","protected":false},"excerpt":{"rendered":"<p>De jonge bekroonde pianist Roman Fediurko presenteert tijdens zijn concert klassieke muziek van Beethoven tot Rachmaninov en Scriabin. Fediurko komt uit Oekra\u00efne en onderbreekt zijn tournee door Nederland voor een [&hellip;]<\/p>\n","protected":false},"author":7,"featured_media":81893,"template":"","meta":{"_acf_changed":false,"_price":"","_stock":"","_tribe_ticket_header":"","_tribe_default_ticket_provider":"","_tribe_ticket_capacity":"0","_ticket_start_date":"","_ticket_end_date":"","_tribe_ticket_show_description":"","_tribe_ticket_show_not_going":false,"_tribe_ticket_use_global_stock":"","_tribe_ticket_global_stock_level":"","_global_stock_mode":"","_global_stock_cap":"","_tribe_rsvp_for_event":"","_tribe_ticket_going_count":"","_tribe_ticket_not_going_count":"","_tribe_tickets_list":"[]","_tribe_ticket_has_attendee_info_fields":false,"_tribe_events_status":"","_tribe_events_status_reason":"","_tribe_events_is_hybrid":"","_tribe_events_is_virtual":"","_tribe_events_virtual_video_source":"","_tribe_events_virtual_embed_video":"","_tribe_events_virtual_linked_button_text":"","_tribe_events_virtual_linked_button":"","_tribe_events_virtual_show_embed_at":"","_tribe_events_virtual_show_embed_to":[],"_tribe_events_virtual_show_on_event":"","_tribe_events_virtual_show_on_views":"","_tribe_events_virtual_url":"","footnotes":"","_tec_slr_enabled":"","_tec_slr_layout":""},"tags":[],"tribe_events_cat":[323],"class_list":["post-81985","tribe_events","type-tribe_events","status-publish","has-post-thumbnail","hentry","tribe_events_cat-muziek","cat_muziek"],"acf":[],"yoast_head":"<!-- This site is optimized with the Yoast SEO plugin v27.5 - https:\/\/yoast.com\/product\/yoast-seo-wordpress\/ -->\n<title>Pianoconcert met solist Roman Fediurko - Gronau Inside<\/title>\n<meta name=\"robots\" content=\"index, follow, max-snippet:-1, max-image-preview:large, max-video-preview:-1\" \/>\n<link rel=\"canonical\" href=\"https:\/\/gronau-inside.de\/nl\/veranstaltung\/pianoconcert-met-solist-roman-fediurko\" \/>\n<meta property=\"og:locale\" content=\"nl_NL\" \/>\n<meta property=\"og:type\" content=\"article\" \/>\n<meta property=\"og:title\" content=\"Pianoconcert met solist Roman Fediurko - Gronau Inside\" \/>\n<meta property=\"og:description\" content=\"De jonge bekroonde pianist Roman Fediurko presenteert tijdens zijn concert klassieke muziek van Beethoven tot Rachmaninov en Scriabin. Fediurko komt uit Oekra\u00efne en onderbreekt zijn tournee door Nederland voor een [&hellip;]\" \/>\n<meta property=\"og:url\" content=\"https:\/\/gronau-inside.de\/nl\/veranstaltung\/pianoconcert-met-solist-roman-fediurko\" \/>\n<meta property=\"og:site_name\" content=\"Gronau Inside\" \/>\n<meta name=\"twitter:card\" content=\"summary_large_image\" \/>\n<script type=\"application\/ld+json\" class=\"yoast-schema-graph\">{\"@context\":\"https:\\\/\\\/schema.org\",\"@graph\":[{\"@type\":\"WebPage\",\"@id\":\"https:\\\/\\\/gronau-inside.de\\\/nl\\\/veranstaltung\\\/pianoconcert-met-solist-roman-fediurko\",\"url\":\"https:\\\/\\\/gronau-inside.de\\\/nl\\\/veranstaltung\\\/pianoconcert-met-solist-roman-fediurko\",\"name\":\"Pianoconcert met solist Roman Fediurko - Gronau Inside\",\"isPartOf\":{\"@id\":\"https:\\\/\\\/gronau-inside.de\\\/nl#website\"},\"primaryImageOfPage\":{\"@id\":\"https:\\\/\\\/gronau-inside.de\\\/nl\\\/veranstaltung\\\/pianoconcert-met-solist-roman-fediurko#primaryimage\"},\"image\":{\"@id\":\"https:\\\/\\\/gronau-inside.de\\\/nl\\\/veranstaltung\\\/pianoconcert-met-solist-roman-fediurko#primaryimage\"},\"thumbnailUrl\":\"https:\\\/\\\/gronau-inside.de\\\/wp-content\\\/uploads\\\/2025\\\/07\\\/Pianist-Roman-Fediurko.jpg\",\"datePublished\":\"2025-07-09T06:56:01+00:00\",\"breadcrumb\":{\"@id\":\"https:\\\/\\\/gronau-inside.de\\\/nl\\\/veranstaltung\\\/pianoconcert-met-solist-roman-fediurko#breadcrumb\"},\"inLanguage\":\"nl-NL\",\"potentialAction\":[{\"@type\":\"ReadAction\",\"target\":[\"https:\\\/\\\/gronau-inside.de\\\/nl\\\/veranstaltung\\\/pianoconcert-met-solist-roman-fediurko\"]}]},{\"@type\":\"ImageObject\",\"inLanguage\":\"nl-NL\",\"@id\":\"https:\\\/\\\/gronau-inside.de\\\/nl\\\/veranstaltung\\\/pianoconcert-met-solist-roman-fediurko#primaryimage\",\"url\":\"https:\\\/\\\/gronau-inside.de\\\/wp-content\\\/uploads\\\/2025\\\/07\\\/Pianist-Roman-Fediurko.jpg\",\"contentUrl\":\"https:\\\/\\\/gronau-inside.de\\\/wp-content\\\/uploads\\\/2025\\\/07\\\/Pianist-Roman-Fediurko.jpg\",\"width\":1024,\"height\":683,\"caption\":\"De foto toont een jonge man met kort, netjes gekamd haar en een bril, die nadenkend opzij kijkt. Hij draagt een zwart pak met een wit overhemd en zit aan een zwarte tafel tegen een donkere achtergrond. E\u00e9n hand rust losjes op tafel, de andere raakt zijn kin aan - een klassieke, peinzende pose. De sc\u00e8ne is kalm en elegant ge\u00ebnsceneerd.\"},{\"@type\":\"BreadcrumbList\",\"@id\":\"https:\\\/\\\/gronau-inside.de\\\/nl\\\/veranstaltung\\\/pianoconcert-met-solist-roman-fediurko#breadcrumb\",\"itemListElement\":[{\"@type\":\"ListItem\",\"position\":1,\"name\":\"Startseite\",\"item\":\"https:\\\/\\\/gronau-inside.de\\\/nl\\\/startseite\"},{\"@type\":\"ListItem\",\"position\":2,\"name\":\"Evenementen\",\"item\":\"https:\\\/\\\/gronau-inside.de\\\/nl\\\/veranstaltungen\\\/\"},{\"@type\":\"ListItem\",\"position\":3,\"name\":\"Pianoconcert met solist Roman Fediurko\"}]},{\"@type\":\"WebSite\",\"@id\":\"https:\\\/\\\/gronau-inside.de\\\/nl#website\",\"url\":\"https:\\\/\\\/gronau-inside.de\\\/nl\",\"name\":\"Gronau Inside\",\"description\":\"Musikstadt im Gr\u00fcnen\",\"publisher\":{\"@id\":\"https:\\\/\\\/gronau-inside.de\\\/nl#organization\"},\"potentialAction\":[{\"@type\":\"SearchAction\",\"target\":{\"@type\":\"EntryPoint\",\"urlTemplate\":\"https:\\\/\\\/gronau-inside.de\\\/nl?s={search_term_string}\"},\"query-input\":{\"@type\":\"PropertyValueSpecification\",\"valueRequired\":true,\"valueName\":\"search_term_string\"}}],\"inLanguage\":\"nl-NL\"},{\"@type\":\"Organization\",\"@id\":\"https:\\\/\\\/gronau-inside.de\\\/nl#organization\",\"name\":\"Gronau Inside\",\"url\":\"https:\\\/\\\/gronau-inside.de\\\/nl\",\"logo\":{\"@type\":\"ImageObject\",\"inLanguage\":\"nl-NL\",\"@id\":\"https:\\\/\\\/gronau-inside.de\\\/nl#\\\/schema\\\/logo\\\/image\\\/\",\"url\":\"https:\\\/\\\/gronau-inside.de\\\/wp-content\\\/uploads\\\/2020\\\/10\\\/01_gronau-logo_weissaufweiss_Schriftzug-1.png\",\"contentUrl\":\"https:\\\/\\\/gronau-inside.de\\\/wp-content\\\/uploads\\\/2020\\\/10\\\/01_gronau-logo_weissaufweiss_Schriftzug-1.png\",\"width\":254,\"height\":246,\"caption\":\"Gronau Inside\"},\"image\":{\"@id\":\"https:\\\/\\\/gronau-inside.de\\\/nl#\\\/schema\\\/logo\\\/image\\\/\"}}]}<\/script>\n<!-- \/ Yoast SEO plugin. -->","yoast_head_json":{"title":"Pianoconcert met solist Roman Fediurko - Gronau Inside","robots":{"index":"index","follow":"follow","max-snippet":"max-snippet:-1","max-image-preview":"max-image-preview:large","max-video-preview":"max-video-preview:-1"},"canonical":"https:\/\/gronau-inside.de\/nl\/veranstaltung\/pianoconcert-met-solist-roman-fediurko","og_locale":"nl_NL","og_type":"article","og_title":"Pianoconcert met solist Roman Fediurko - Gronau Inside","og_description":"De jonge bekroonde pianist Roman Fediurko presenteert tijdens zijn concert klassieke muziek van Beethoven tot Rachmaninov en Scriabin. Fediurko komt uit Oekra\u00efne en onderbreekt zijn tournee door Nederland voor een [&hellip;]","og_url":"https:\/\/gronau-inside.de\/nl\/veranstaltung\/pianoconcert-met-solist-roman-fediurko","og_site_name":"Gronau Inside","twitter_card":"summary_large_image","schema":{"@context":"https:\/\/schema.org","@graph":[{"@type":"WebPage","@id":"https:\/\/gronau-inside.de\/nl\/veranstaltung\/pianoconcert-met-solist-roman-fediurko","url":"https:\/\/gronau-inside.de\/nl\/veranstaltung\/pianoconcert-met-solist-roman-fediurko","name":"Pianoconcert met solist Roman Fediurko - Gronau Inside","isPartOf":{"@id":"https:\/\/gronau-inside.de\/nl#website"},"primaryImageOfPage":{"@id":"https:\/\/gronau-inside.de\/nl\/veranstaltung\/pianoconcert-met-solist-roman-fediurko#primaryimage"},"image":{"@id":"https:\/\/gronau-inside.de\/nl\/veranstaltung\/pianoconcert-met-solist-roman-fediurko#primaryimage"},"thumbnailUrl":"https:\/\/gronau-inside.de\/wp-content\/uploads\/2025\/07\/Pianist-Roman-Fediurko.jpg","datePublished":"2025-07-09T06:56:01+00:00","breadcrumb":{"@id":"https:\/\/gronau-inside.de\/nl\/veranstaltung\/pianoconcert-met-solist-roman-fediurko#breadcrumb"},"inLanguage":"nl-NL","potentialAction":[{"@type":"ReadAction","target":["https:\/\/gronau-inside.de\/nl\/veranstaltung\/pianoconcert-met-solist-roman-fediurko"]}]},{"@type":"ImageObject","inLanguage":"nl-NL","@id":"https:\/\/gronau-inside.de\/nl\/veranstaltung\/pianoconcert-met-solist-roman-fediurko#primaryimage","url":"https:\/\/gronau-inside.de\/wp-content\/uploads\/2025\/07\/Pianist-Roman-Fediurko.jpg","contentUrl":"https:\/\/gronau-inside.de\/wp-content\/uploads\/2025\/07\/Pianist-Roman-Fediurko.jpg","width":1024,"height":683,"caption":"De foto toont een jonge man met kort, netjes gekamd haar en een bril, die nadenkend opzij kijkt. Hij draagt een zwart pak met een wit overhemd en zit aan een zwarte tafel tegen een donkere achtergrond. E\u00e9n hand rust losjes op tafel, de andere raakt zijn kin aan - een klassieke, peinzende pose. De sc\u00e8ne is kalm en elegant ge\u00ebnsceneerd."},{"@type":"BreadcrumbList","@id":"https:\/\/gronau-inside.de\/nl\/veranstaltung\/pianoconcert-met-solist-roman-fediurko#breadcrumb","itemListElement":[{"@type":"ListItem","position":1,"name":"Startseite","item":"https:\/\/gronau-inside.de\/nl\/startseite"},{"@type":"ListItem","position":2,"name":"Evenementen","item":"https:\/\/gronau-inside.de\/nl\/veranstaltungen\/"},{"@type":"ListItem","position":3,"name":"Pianoconcert met solist Roman Fediurko"}]},{"@type":"WebSite","@id":"https:\/\/gronau-inside.de\/nl#website","url":"https:\/\/gronau-inside.de\/nl","name":"Gronau Inside","description":"Musikstadt im Gr\u00fcnen","publisher":{"@id":"https:\/\/gronau-inside.de\/nl#organization"},"potentialAction":[{"@type":"SearchAction","target":{"@type":"EntryPoint","urlTemplate":"https:\/\/gronau-inside.de\/nl?s={search_term_string}"},"query-input":{"@type":"PropertyValueSpecification","valueRequired":true,"valueName":"search_term_string"}}],"inLanguage":"nl-NL"},{"@type":"Organization","@id":"https:\/\/gronau-inside.de\/nl#organization","name":"Gronau Inside","url":"https:\/\/gronau-inside.de\/nl","logo":{"@type":"ImageObject","inLanguage":"nl-NL","@id":"https:\/\/gronau-inside.de\/nl#\/schema\/logo\/image\/","url":"https:\/\/gronau-inside.de\/wp-content\/uploads\/2020\/10\/01_gronau-logo_weissaufweiss_Schriftzug-1.png","contentUrl":"https:\/\/gronau-inside.de\/wp-content\/uploads\/2020\/10\/01_gronau-logo_weissaufweiss_Schriftzug-1.png","width":254,"height":246,"caption":"Gronau Inside"},"image":{"@id":"https:\/\/gronau-inside.de\/nl#\/schema\/logo\/image\/"}}]}},"ticketed":false,"_links":{"self":[{"href":"https:\/\/gronau-inside.de\/nl\/wp-json\/wp\/v2\/tribe_events\/81985","targetHints":{"allow":["GET"]}}],"collection":[{"href":"https:\/\/gronau-inside.de\/nl\/wp-json\/wp\/v2\/tribe_events"}],"about":[{"href":"https:\/\/gronau-inside.de\/nl\/wp-json\/wp\/v2\/types\/tribe_events"}],"author":[{"embeddable":true,"href":"https:\/\/gronau-inside.de\/nl\/wp-json\/wp\/v2\/users\/7"}],"version-history":[{"count":0,"href":"https:\/\/gronau-inside.de\/nl\/wp-json\/wp\/v2\/tribe_events\/81985\/revisions"}],"wp:featuredmedia":[{"embeddable":true,"href":"https:\/\/gronau-inside.de\/nl\/wp-json\/wp\/v2\/media\/81893"}],"wp:attachment":[{"href":"https:\/\/gronau-inside.de\/nl\/wp-json\/wp\/v2\/media?parent=81985"}],"wp:term":[{"taxonomy":"post_tag","embeddable":true,"href":"https:\/\/gronau-inside.de\/nl\/wp-json\/wp\/v2\/tags?post=81985"},{"taxonomy":"tribe_events_cat","embeddable":true,"href":"https:\/\/gronau-inside.de\/nl\/wp-json\/wp\/v2\/tribe_events_cat?post=81985"}],"curies":[{"name":"wp","href":"https:\/\/api.w.org\/{rel}","templated":true}]}}

<p>De jonge bekroonde pianist Roman Fediurko presenteert tijdens zijn concert klassieke muziek van Beethoven tot Rachmaninov en Scriabin. Fediurko komt uit Oekraïne en onderbreekt zijn tournee door Nederland voor een omweg naar Georg&#8217;s Gallery. Hij studeert aan de Universiteit voor Muziek en Uitvoerende Kunsten in Graz en heeft al verschillende internationale muziekconcoursen gewonnen. Een mijlpaal in zijn carrière was het winnen van de gouden medaille en vijf speciale prijzen op de prestigieuze Vladimir Horowitz International Piano Competition in Genz op 18-jarige leeftijd.   </p>
<p>Ticketprijs in de voorverkoop: 15,00 euro, 20 euro aan de kassa</p>

<p>De jonge bekroonde pianist Roman Fediurko presenteert tijdens zijn concert klassieke muziek van Beethoven tot Rachmaninov en Scriabin. Fediurko komt uit Oekraïne en onderbreekt zijn tournee door Nederland voor een [&hellip;]</p>

<!-- This site is optimized with the Yoast SEO plugin v27.5 - https://yoast.com/product/yoast-seo-wordpress/ -->
<title>Pianoconcert met solist Roman Fediurko - Gronau Inside</title>
<meta name="robots" content="index, follow, max-snippet:-1, max-image-preview:large, max-video-preview:-1" />
<link rel="canonical" href="https://gronau-inside.de/nl/veranstaltung/pianoconcert-met-solist-roman-fediurko" />
<meta property="og:locale" content="nl_NL" />
<meta property="og:type" content="article" />
<meta property="og:title" content="Pianoconcert met solist Roman Fediurko - Gronau Inside" />
<meta property="og:description" content="De jonge bekroonde pianist Roman Fediurko presenteert tijdens zijn concert klassieke muziek van Beethoven tot Rachmaninov en Scriabin. Fediurko komt uit Oekraïne en onderbreekt zijn tournee door Nederland voor een [&hellip;]" />
<meta property="og:url" content="https://gronau-inside.de/nl/veranstaltung/pianoconcert-met-solist-roman-fediurko" />
<meta property="og:site_name" content="Gronau Inside" />
<meta name="twitter:card" content="summary_large_image" />
<script type="application/ld+json" class="yoast-schema-graph">{"@context":"https:\/\/schema.org","@graph":[{"@type":"WebPage","@id":"https:\/\/gronau-inside.de\/nl\/veranstaltung\/pianoconcert-met-solist-roman-fediurko","url":"https:\/\/gronau-inside.de\/nl\/veranstaltung\/pianoconcert-met-solist-roman-fediurko","name":"Pianoconcert met solist Roman Fediurko - Gronau Inside","isPartOf":{"@id":"https:\/\/gronau-inside.de\/nl#website"},"primaryImageOfPage":{"@id":"https:\/\/gronau-inside.de\/nl\/veranstaltung\/pianoconcert-met-solist-roman-fediurko#primaryimage"},"image":{"@id":"https:\/\/gronau-inside.de\/nl\/veranstaltung\/pianoconcert-met-solist-roman-fediurko#primaryimage"},"thumbnailUrl":"https:\/\/gronau-inside.de\/wp-content\/uploads\/2025\/07\/Pianist-Roman-Fediurko.jpg","datePublished":"2025-07-09T06:56:01+00:00","breadcrumb":{"@id":"https:\/\/gronau-inside.de\/nl\/veranstaltung\/pianoconcert-met-solist-roman-fediurko#breadcrumb"},"inLanguage":"nl-NL","potentialAction":[{"@type":"ReadAction","target":["https:\/\/gronau-inside.de\/nl\/veranstaltung\/pianoconcert-met-solist-roman-fediurko"]}]},{"@type":"ImageObject","inLanguage":"nl-NL","@id":"https:\/\/gronau-inside.de\/nl\/veranstaltung\/pianoconcert-met-solist-roman-fediurko#primaryimage","url":"https:\/\/gronau-inside.de\/wp-content\/uploads\/2025\/07\/Pianist-Roman-Fediurko.jpg","contentUrl":"https:\/\/gronau-inside.de\/wp-content\/uploads\/2025\/07\/Pianist-Roman-Fediurko.jpg","width":1024,"height":683,"caption":"De foto toont een jonge man met kort, netjes gekamd haar en een bril, die nadenkend opzij kijkt. Hij draagt een zwart pak met een wit overhemd en zit aan een zwarte tafel tegen een donkere achtergrond. Eén hand rust losjes op tafel, de andere raakt zijn kin aan - een klassieke, peinzende pose. De scène is kalm en elegant geënsceneerd."},{"@type":"BreadcrumbList","@id":"https:\/\/gronau-inside.de\/nl\/veranstaltung\/pianoconcert-met-solist-roman-fediurko#breadcrumb","itemListElement":[{"@type":"ListItem","position":1,"name":"Startseite","item":"https:\/\/gronau-inside.de\/nl\/startseite"},{"@type":"ListItem","position":2,"name":"Evenementen","item":"https:\/\/gronau-inside.de\/nl\/veranstaltungen\/"},{"@type":"ListItem","position":3,"name":"Pianoconcert met solist Roman Fediurko"}]},{"@type":"WebSite","@id":"https:\/\/gronau-inside.de\/nl#website","url":"https:\/\/gronau-inside.de\/nl","name":"Gronau Inside","description":"Musikstadt im Grünen","publisher":{"@id":"https:\/\/gronau-inside.de\/nl#organization"},"potentialAction":[{"@type":"SearchAction","target":{"@type":"EntryPoint","urlTemplate":"https:\/\/gronau-inside.de\/nl?s={search_term_string}"},"query-input":{"@type":"PropertyValueSpecification","valueRequired":true,"valueName":"search_term_string"}}],"inLanguage":"nl-NL"},{"@type":"Organization","@id":"https:\/\/gronau-inside.de\/nl#organization","name":"Gronau Inside","url":"https:\/\/gronau-inside.de\/nl","logo":{"@type":"ImageObject","inLanguage":"nl-NL","@id":"https:\/\/gronau-inside.de\/nl#\/schema\/logo\/image\/","url":"https:\/\/gronau-inside.de\/wp-content\/uploads\/2020\/10\/01_gronau-logo_weissaufweiss_Schriftzug-1.png","contentUrl":"https:\/\/gronau-inside.de\/wp-content\/uploads\/2020\/10\/01_gronau-logo_weissaufweiss_Schriftzug-1.png","width":254,"height":246,"caption":"Gronau Inside"},"image":{"@id":"https:\/\/gronau-inside.de\/nl#\/schema\/logo\/image\/"}}]}</script>
<!-- / Yoast SEO plugin. -->

De jonge bekroonde pianist Roman Fediurko presenteert tijdens zijn concert klassieke muziek van Beethoven tot Rachmaninov en Scriabin. Fediurko komt uit Oekraïne en onderbreekt zijn tournee door Nederland voor een [&hellip;]

De foto toont een jonge man met kort, netjes gekamd haar en een bril, die nadenkend opzij kijkt. Hij draagt een zwart pak met een wit overhemd en zit aan een zwarte tafel tegen een donkere achtergrond. Eén hand rust losjes op tafel, de andere raakt zijn kin aan - een klassieke, peinzende pose. De scène is kalm en elegant geënsceneerd.

Musikstadt im Grünen
